 - 0?
-1b
In base 8, what is 134 + -37?
75
In base 15, what is 4 - -32?
36
In base 5, what is -413 + 30?
-333
In base 9, what is 0 + -441?
-441
In base 11, what is 388 - 1?
387
In base 12, what is -2 + -10?
-12
In base 12, what is -44 - 103?
-147
In base 16, what is -2 + -15c?
-15e
In base 6, what is 2 + 113?
115
In base 13, what is -15 + -14?
-29
In base 10, what is -4 - 3024?
-3028
In base 12, what is -9 + 34?
27
In base 4, what is -2220011 - -10?
-2220001
In base 15, what is 3 + -11bd?
-11ba
In base 3, what is 10 - -2021212?
2021222
In base 11, what is 10 + -16?
-6
In base 3, what is 11 + -20110122?
-20110111
In base 6, what is 504114 - -1?
504115
In base 12, what is -3 + 40?
39
In base 6, what is -1 - -2004?
2003
In base 16, what is -6 + -d?
-13
In base 16, what is -10 - -18?
8
In base 2, what is -1100 - -101101?
100001
In base 4, what is -21 + 1?
-20
In base 16, what is -6e - -104?
96
In base 13, what is -11 + 0?
-11
In base 12, what is 5 + -b0?
-a7
In base 15, what is -2 + 30?
2d
In base 12, what is -3 + 1922?
191b
In base 14, what is 1 - -47?
48
In base 14, what is -8 - -132?
128
In base 11, what is 1 + 201?
202
In base 14, what is 6 + -1a?
-14
In base 5, what is 1002 - -11?
1013
In base 15, what is -58 - -4?
-54
In base 5, what is -42212 - -1?
-42211
In base 12, what is 4 - 12b?
-127
In base 13, what is -14 + 3b?
27
In base 15, what is 4 - -16?
1a
In base 14, what is 5 + 521?
526
In base 12, what is 4 + -411?
-409
In base 10, what is 7 - -545?
552
In base 4, what is 2 + 31201?
31203
In base 9, what is 3 + 231?
234
In base 7, what is 1040 - 3?
1034
In base 7, what is -142 + 1?
-141
In base 15, what is 4 + -23?
-1e
In base 14, what is 3 + -467?
-464
In base 4, what is -3120 - -123?
-2331
In base 6, what is 20 - 423?
-403
In base 11, what is -8009 + -2?
-8010
In base 2, what is 1101011011 + 10?
1101011101
In base 15, what is -5 + -254?
-259
In base 2, what is 111010 + 1?
111011
In base 3, what is 220 + 2?
222
In base 7, what is -64 + -306?
-403
In base 15, what is 0 + d68?
d68
In base 13, what is -14c - -1?
-14b
In base 4, what is 11 - -311?
322
In base 16, what is -7 + 469?
462
In base 15, what is 4 - 3dd?
-3d9
In base 15, what is -3 + 131?
12d
In base 10, what is -9 - 6?
-15
In base 16, what is -2 + 82?
80
In base 12, what is 4 + -929?
-925
In base 15, what is -1c0 + 0?
-1c0
In base 15, what is -906 - -1?
-905
In base 4, what is -12013 + -3?
-12022
In base 11, what is 3 + -657?
-654
In base 6, what is 3 - -32?
35
In base 5, what is -2300 + 212?
-2033
In base 4, what is -10 - -132?
122
In base 14, what is -b5 - 5?
-ba
In base 15, what is -67 + -18?
-80
In base 11, what is -407 - -26?
-391
In base 13, what is -4 - -1241?
123a
In base 16, what is 3 + 79?
7c
In base 3, what is 2 - -111?
120
In base 9, what is 8 - 53?
-44
In base 3, what is 1110 + -21011?
-12201
In base 9, what is 1 + -3?
-2
In base 9, what is -16 - -183?
166
In base 12, what is 319 - 13?
306
In base 11, what is 3670 + -5?
3666
In base 12, what is -5 - -36?
31
In base 15, what is 10 - 3bc?
-3ac
In base 13, what is 16 - -6?
1c
In base 15, what is 21 + 2a?
4b
In base 2, what is 1000001011 - 1?
1000001010
In base 15, what is 6 - -1?
7
In base 3, what is -10 - 12012?
-12022
In base 11, what is 22 + 262?
284
In base 15, what is -a8 - 0?
-a8
In base 3, what is -102 + -22?
-201
In base 9, what is -610 + 1?
-608
In base 4, what is -211 + 22?
-123
In base 15, what is -4 + 8?
4
In base 2, what is 110 - -1010010?
1011000
In base 14, what is 75a - 1?
759
In base 14, what is 32b - 2?
329
In base 7, what is -3 - 15?
-21
In base 5, what is 10 - 241?
-231
In base 7, what is -5 - 22463?
-22501
In base 12, what is -262 + 1?
-261
In base 8, what is -163 + 3?
-160
In base 13, what is -2 + -ac?
-b1
In base 5, what is -21423 + 2?
-21421
In base 5, what is -24 + 223?
144
In base 4, what is 21 + 12103?
12130
In base 14, what is -195 - 3?
-198
In base 16, what is -2 - -36e?
36c
In base 6, what is -4 - -104?
100
In base 14, what is 0 + b0?
b0
In base 13, what is ca - 2?
c8
In base 15, what is 64a - 1?
649
In base 4, what is 0 - -232?
232
In base 2, what is -101 - 11100001?
-11100110
In base 8, what is 1266 - -3?
1271
In base 11, what is 275 - -4?
279
In base 14, what is -7c - -9?
-73
In base 5, what is 11223 + -4?
11214
In base 7, what is -516 - -2?
-514
In base 10, what is -17 + -5?
-22
In base 13, what is 234 + 4?
238
In base 10, what is -185 + 4?
-181
In base 2, what is -1100 + 10101100?
10100000
In base 3, what is -102111022 + 1?
-102111021
In base 13, what is 3 - 13a4?
-13a1
In base 7, what is 20 - 10?
10
In base 16, what is 1a1 - 2?
19f
In base 6, what is -12 - 4?
-20
In base 6, what is -41 + 54?
13
In base 16, what is 2 + 203?
205
In base 10, what is 5 + -1374?
-1369
In base 13, what is -109 - -4?
-105
In base 10, what is -14 + 34?
20
In base 6, what is 104 - -42?
150
In base 8, what is -17 - 373?
-412
In base 8, what is 165 - 44?
121
In base 6, what is 15 + 1113?
1132
In base 11, what is -14 + -10?
-24
In base 14, what is 1a6 + 5?
1ab
In base 15, what is -14 - -1?
-13
In base 11, what is 72 - -43?
105
In base 10, what is -1 - -623?
622
In base 3, what is 1 - 10011?
-10010
In base 12, what is -4 + 23?
1b
In base 13, what is 6 + 81?
87
In base 10, what is -303 + -25?
-328
In base 9, what is 226 - -3?
230
In base 9, what is 2 + -1328?
-1326
In base 9, what is -337 + 4?
-333
In base 13, what is -21 - 5?
-26
In base 8, what is 0 + -1515?
-1515
In base 8, what is 10374 + 2?
10376
In base 8, what is 415 + 34?
451
In base 14, what is 8 - -12?
1a
In base 3, what is -2 + -100?
-102
In base 10, what is -4 - -73?
69
In base 9, what is -4862 + -3?
-4865
In base 10, what is -21 + 1?
-20
In base 8, what is -1 - -35?
34
In base 14, what is -5 + -29?
-30
In base 4, what is -10 - 202031?
-202101
In base 16, what is -2 + 2a?
28
In base 13, what is -2 - -b3?
b1
In base 14, what is 5 - 38?
-33
In base 5, what is -114241 - 0?
-114241
In base 12, what is -a - 30?
-3a
In base 2, what is 110 - 10101110?
-10101000
In base 5, what is 121 - 30?
41
In base 14, what is -11 - -29?
18
In base 12, what is -9 - 34?
-41
In base 8, what is 0 - -10212?
10212
In base 6, what is -34150 + -2?
-34152
In base 8, what is 0 + 607?
607
In base 14, what is -2 - -65d?
65b
In base 14, what is 0 - -7d?
7d
In base 15, what is -98 + -4?
-9c
In base 9, what is -1028 + 3?
-1025
In base 16, what is d + -8?
5
In base 14, what is 0 - 124?
-124
In base 14, what is 28 + -24?
4
In base 11, what is 104 + 10?
114
In base 12, what is 0 + -1b8?
-1b8
In base 7, what is -4335 - 3?
-4341
In base 7, what is -4 - -23?
16
In base 8, what is -43 + -6?
-51
In base 15, what is -25 + 12?
-13
In base 11, what is -32 - -309?
287
In base 9, what is 2302 - 3?
2288
In base 6, what is -1 - 314?
-315
In base 3, what is -2112 - 201?
-10020
In base 3, what is 20022 - -2?
20101
In base 12, what is 12a - -5?
133
In base 16, what is 0 - 40?
-40
In base 9, what is 0 - 1674?
-1674
In base 3, what is 101 - -10222?
11100
In base 3, what is 1 - -1012?
1020
In base 8, what is -1740 + -33?
-1773
In base 9, what is 2321 + 3?
2324
In base 6, what is 12523 + 22?
12545
In base 11, what is 5 - -384?
389
In base 8, what is 435 + 0?
435
In base 4, what is 102 - 32213?
-32111
In base 4, what is -10 + -120023?
-120033
In base 9, what is -6 + -14?
-21
In base 9, what is 3 + -112?
-108
In base 2, what is 1110 - 100?
1010
In base 3, what is -1 - 1012?
-1020
In base 13, what is 2 - 12a?
-128
In base 9, what is 0 + -1771?
-1771
In base 14, what is -1c7 + -1?
-1c8
In base 16, what is -36 + -1e?
-54
In base 15, what is 1d45 - 3?
1d42
In base 8, what is 40 - 20?
20
In base 3, what is 1110212 + -202?
1110010
In base 5, what is 43 - 1424?
-1331
In base 12, what is -7 - 3?
-a
In base 4, what is 3100 + 1?
3101
In base 15, what is -31 - 20?
-51
In base 12, what is -b + -11a?
-129
In base 9, what is 154 + 82?
246
In base 12, what is -4 + 2a?
26
In base 6, what is 1 + -1022?
-1021
In base 13, what is -5 + b5?
b0
In base 12, what is -270 + -4?
-274
In base 8, what is 4 + 220?
224
In base 12, what is -140 - -4?
-138
In base 8, what is 6 + -361?
-353
In base 7, what is -632 - -2?
-630
In base 3, what is 1 - -201?
202
In base 14, what is 6 + 376?
37c
In base 15, what is 10a - 1?
109
In base 13, what is -7